 - 484231. Let m(j) be the second derivative of j**4/12 - j**3 + 3*j**2/2 - j. Determine m(q).
-5
Let t(r) be the third derivative of r**4/6 + r**3/2 + 275*r**2 - 6*r. Suppose h + 5 = -2*y, -6 = 5*y - 2*h + 2. Let s = y + -2. Give t(s).
-13
Suppose -2*y = 5*o - 67, -4*y - 22 = 4*o - 6*o. Let p(u) = -u**2 + 6*u + 75. Determine p(o).
-16
Let v(a) = -3*a + 15. Let q(m) = -1. Let o(x) = -6*q(x) - v(x). Suppose 5*y - 2*y - 63 = 0. Suppose 82*u = 85*u - y. Calculate o(u).
12
Let i(t) = -239*t - 4. Let m(a) = -279*a - 4. Let k(l) = -7*i(l) + 6*m(l). Give k(-15).
19
Suppose -2*j = -4*j - 3*q + 305, 2*j = 5*q + 297. Let t(v) = 5*v - 151 + j - 12*v**2 - 4*v. Calculate t(1).
-11
Let t(n) = n. Let u(i) = 3*i + 1. Let a(d) = 10*t(d) - 4*u(d). Let r = 60 - 56. Suppose -4*j + r = -8, -27 = 2*m - 5*j. Calculate a(m).
8
Let q(x) = -4*x. Let o(k) = -k**2 - 10*k - 4. Let h be o(-9). Suppose -i - 4 = -y, h*y = 2*i + 7*y + 8. Give q(i).
16
Let r(i) = i**2 - 49*i + 326. Suppose 20*s + 36 = 21*s + 5*v, 3*s = v + 124. Give r(s).
-2
Let c be (-10)/(-8) + 9/(-4) + 2. Let r be 4/c - (6 + -3). Let v(l) = -l + 1. Let q(s) = -5*s + 8. Let t(p) = r*q(p) - 6*v(p). Determine t(5).
7
Let h be (26/(-10))/((-873)/4365). Let m(f) = -f**2 + 11*f + 19. Determine m(h).
-7
Let d(k) = -k**3 + 2*k**2 + 14*k - 30. Suppose 2*v = -264*h + 269*h - 17, -2*v + 3*h - 7 = 0. Determine d(v).
-6
Let b(i) = 299 - 307 + 7*i - 118*i**2 + 120*i**2. What is b(-8)?
64
Let m(r) be the third derivative of 2*r**4/3 - 89*r**3/6 - 5739*r**2. Calculate m(5).
-9
Let t(q) = q**3 + 6*q**2 + 2*q + 6. Let k be (-11)/((-77)/196) - 6. Let g be (-12)/(-42) + k*(-8)/28. Give t(g).
-6
Let l(d) = d**3 - 2*d**2 - 6*d - 13. Let v = -741 + 745. What is l(v)?
-5
Let x(k) be the first derivative of -2*k + 5/3*k**3 + 1/4*k**4 + 0*k**2 - 6. Let w(u) = u**2 - 19*u + 32. Let g be w(17). Give x(g).
10
Let l(t) = -t**3 + 6*t**2 + 11*t - 26. Let y be l(7). Suppose -6*i + y*w + 8 = -i, -4*i + 5*w + 20 = 0. Let p(b) = 2*b - b**2 - b - 332 + 330. Give p(i).
-2
Let u = 145 - 143. Let v be (5 - 8)/(u - 9/6). Let f(d) = 4*d + 4*d + 4 - 6*d. What is f(v)?
-8
Suppose 2*o - 8 - 42 = -4*p, 5*p + 185 = 5*o. Let k = -50 + o. Let h(l) = -l**3 - 16*l**2 + 15*l - 25. Determine h(k).
9
Let c(y) = -y**3 + 23*y**2 - 42*y + 27. Suppose -28*k - 200 = 60*k - 2048. What is c(k)?
27
Suppose 4*b + 5 = -f + 4*f, -5*b = -f - 2. Suppose -f*x = 2*z + 31, -3*x + 6 - 53 = 4*z. Let r(c) = 2*c + 8. Determine r(z).
-8
Let d(n) be the first derivative of -151 - 2*n - 1/2*n**2. Calculate d(-4).
2
Let v(g) be the third derivative of g**4/24 + g**3/3 - g**2. Let r(q) = q**2 + q + 150. Let x be r(0). Suppose -30*u = -0*u + x. Give v(u).
-3
Let n(k) be the second derivative of k**5/20 + 23*k**4/6 + 44*k**3/3 - 8*k**2 - 13589*k. What is n(-44)?
-16
Let v(u) = -9*u**2 + 24*u + 100. Let i(h) = -5*h**2 + 12*h + 50. Let k(o) = 7*i(o) - 4*v(o). Let q(n) be the first derivative of k(n). Determine q(8).
4
Let f(s) = s**2 + 13*s - 11. Let v be (-1)/(-2*(-6)/(-348)). Suppose 0 = 3*g - 2*b + v, -3*g - 5*b + 3*b = 37. Determine f(g).
-33
Let g(l) = -l**3 + 19*l**2 - 3*l + 46. Let p = -12109 - -12128. Calculate g(p).
-11
Let a(n) = n**2 - 7*n + 5. Let l(z) = 4*z + 26. Let g be l(18). Suppose -28 = 10*q - g. Give a(q).
5
Suppose -5 = -3*c - 4*k, 5*k - 2*k = -2*c + 3. Suppose -3*j = 9, 2*x + 10 = j - c. Let z(n) = n**3 + 8*n**2 - n + 3. What is z(x)?
11
Let o(s) = 7*s - 2. Suppose 0 = 12*r - 10*r - 4. Suppose 2 = 7*a - 9*a. Let d(c) = c + 1. Let n(b) = a*o(b) + r*d(b). Calculate n(-3).
19
Let g(d) = -19*d + 79. Let m be g(4). Let y(w) = 5*w**3 + 25*w**2 + 7*w + 4. Let b(t) = -2*t**3 - 12*t**2 - 4*t - 2. Let c(o) = m*y(o) + 7*b(o). Give c(10).
28
Let y = -1084 + 1088. Suppose -2*c + 24 = -3*n + c, -2*n = y*c + 4. Let t(u) = -u - 8. Let k(g) = -2*g - 15. Let i(l) = 6*k(l) - 13*t(l). Determine i(n).
8
Let v(t) = 3*t**3 - 3*t + 1. Let i(z) = -20*z**3 + 32*z - 11. Let x(f) = -i(f) - 11*v(f). Determine x(-2).
102
Let y(f) = f**2 + 5*f + 7. Suppose j + 238 = -4*z, 74 = -3*z - 2*j - 107. Suppose -64 = 4*q + 152. Let o = z - q. Determine y(o).
7
Let p(b) = b**3 - 18*b**2 - b + 20. Let t be p(18). Let v be 0/(-2)*(-2)/t. Suppose v = 7*x - 9*x. Let h(j) = j + 2. Give h(x).
2
Let i(o) = 2 + 2 - 1 - 5*o. Let g(a) = a**3 - 4*a**2 + 143*a + 1920. Let v be g(-8). Determine i(v).
-37
Let j(a) = a + 17. Let z be j(6). Let q(m) = -z*m - 2 + 9*m + 3*m + 10*m. Determine q(-1).
-1
Let i(k) be the second derivative of -k**2 + 0 - 1/4*k**4 - 1/20*k**5 + 0*k**3 - 100*k. Calculate i(-4).
14
Let f(c) = 11*c + 44. Suppose -76*s = -77*s - 8. Let g(l) = 4*l + 16. Let i(z) = s*g(z) + 3*f(z). Calculate i(-10).
-6
Let i(c) = -c**3 + 5*c**2 - 6*c + 5. Let v(g) = -g + 3. Let y be v(0). Let p be (y - 2)*(4 - 1) + -9. Let u be ((2 - -3) + p)/(2/(-8)). What is i(u)?
-3
Suppose 12 = 11*j - 7*j. Suppose -4*m + 5 = -t, -j*m + 2*m - 4*t = -14. Let o(f) = f**2 + 2*f - m*f - 9 - 6*f - 4*f. Determine o(10).
-9
Let i(n) = 2*n**2 - 30*n + 20. Let l be i(17). Let h = l + -58. Let o be 7*10/4*(-12)/h. Let v(x) = -x**2 - 7*x - 6. Calculate v(o).
-6
Let q(v) = 8*v - 33. Let g be (-96)/(-60)*(-45)/(-12) - 2. Let p(u) = -3*u + 11. Suppose 4*l + 22 = 6*l. Let r(t) = g*q(t) + l*p(t). Calculate r(-5).
-6
Suppose 27*c - 3068 = 213*c - 464. Let d(m) = -m**2 - 44*m - 420. Determine d(c).
0
Let h(d) be the first derivative of -d**4/12 + 2*d**3/3 - d**2/2 + 65*d - 150. Let g(b) be the first derivative of h(b). Give g(4).
-1
Let m = 27 + -25. Suppose 12*p - m = 10*p. Let h be ((-20)/8)/(p/2). Let c(t) = -t**3 - 4*t**2 + 3*t - 6. Calculate c(h).
4
Let k(i) = -i**3 - 6*i**2 - 15*i + 7. Let h(w) = 3*w**3 + 18*w**2 + 43*w - 21. Let j(o) = 6*h(o) + 17*k(o). Give j(-5).
3
Let b be 1/2*(-2 - 0)/(-1). Let h be (b + -37)/((-36)/24). Let s be 36/h*4/(-3) + 0. Let z(c) = c + 1. Give z(s).
-1
Let w(k) = -3*k**3 + 6*k**2 - 5*k + 1. Let g be 100/(-16)*(-4)/7 + 57/133. Determine w(g).
-115
Let j = -2430 + 2444. Let l(q) = 3*q**2 - 42*q + 1. Give l(j).
1
Suppose 91 = 17*d + 23. Suppose d*m = 20 + 88. Let l be (-4)/(-18) + (84/m)/4. Let p(h) = -11*h**2 + h. Determine p(l).
-10
Let j(k) be the first derivative of k**4/4 + 5*k**3/3 + 3*k**2/2 + k - 3. Suppose -22*u + 21*u + 16 = 0. Let b = 13 - u. Give j(b).
10
Let w(f) = 5*f - 24. Let n be 672/4104*36 + (-2)/(-19). Determine w(n).
6
Let j(n) = 2*n - 25. Let c(l) = -13*l + 161. Let u(z) = -3*c(z) - 21*j(z). Suppose 0 = 5*i + 3*r - 75, 0 = 2*i - 5*r - 6 - 24. What is u(i)?
-3
Suppose -4*j + j - 4*p + 971 = 0, -2*p = 4*j - 1298. Let s(d) = -9*d**2 - 328*d - j*d + 650*d. What is s(-2)?
-30
Let n(b) = b**2 - 2*b - 5. Let f = 59 + 21. Let s = -74 + f. Give n(s).
19
Let m(j) = 56*j - 53. Let l(c) = 68*c - 52. Let a(b) = -4*l(b) + 5*m(b). Determine a(6).
-9
Let w(v) = -1 - 2659*v + 7974*v - 2659*v - 2655*v. Let l(h) = h**2 - 7*h - 9. Let f be l(8). Calculate w(f).
-2
Let a(l) = -l**3 - 7*l**2 - 10*l - 66. Let t be a(-7). Suppose s - t*b - 4 = 3*s, -3*s + 2*b + 34 = 0. Let n(i) = -i**2 + 11*i + 3. What is n(s)?
27
Let p be (-3)/(-12) + (-455)/28. Let r(n) = -n**3 - 15*n**2 + 16*n + 3. Let s be r(p). Let d(f) = 10*f**2 - 217 - f**s + 0*f**3 + 204 - 8*f. Determine d(9).
-4
Let o(m) = m**3 + 13*m**2 + m + 15. Let z = 829 - 845. Let j be 39/6*(8 + z - -6). Calculate o(j).
2
Let s(k) = 18*k - 29*k - 47 + 3*k. Let n(o) = 5*o + 24. Let f(g) = 5*n(g) + 3*s(g). Calculate f(17).
-4
Let v(i) = -i**2 + 5*i + 22. Let o be v(7). Let s(u) be the third derivative of u**5/60 - 5*u**4/12 + 7*u**3/6 - 14*u**2. What is s(o)?
-9
Let f be (-4)/(-5) + 124/20. Let h(v) = 2*v - f + 29 + 0*v. Let b be h(-10). Let u(m) = -3*m**2 - 2*m + 1. Calculate u(b).
-15
Let r(x) = -x + 8. Let n(u) = 2*u**2 + 7*u + 9. Let g be n(-2). Suppose 0 = -g*h - 9 + 42. Suppose 0 = -2*k + h + 5. Calculate r(k).
0
Suppose -q - 9 + 4 = 2*w, 5*q - 35 = 0. Let z(a) = -11*a - 60. Give z(w).
6
Let h(y) be the first derivative of y**6/180 + y**5/20 - y**4/4 + y**3 + 64. Let s(b) be the third derivative of h(b). Give s(-6).
30
Let n(s) = s + 75 + s**2 - 77 - 2*s. Let q be 1/(-3)*0 - -4. Suppose -r = -3*g - 2, r = -r + q*g + 4. Give n(r).
0
Let n(k) = k**2 + 10*k + 8. Let b(f) = 27 - 8*f - 66 + 33. Let h(q) = 4*b(q) + 3*n(q). Calculate h(3).
21
Let q(g) = g**2 + 3*g - 16.